(-5)/1 - (z + -8 - 2)?
2, 137
Suppose 12*u + 23 - 83 = 0. Suppose -7*g = -5*g - 3*a - 303, 4*a + 761 = u*g. List the prime factors of g.
3, 17
Suppose 466*w - 3 = 467*w. List the prime factors of 2 + 337 - (-1 + w).
7
Let n(c) = 2586*c**3 - 3*c**2 - 20*c + 21. List the prime factors of n(1).
2, 17, 19
Suppose 0 = 4*r - r - 786. Suppose 37*m - 269 - 101 = 0. Suppose -638 - r = -m*c. What are the prime factors of c?
2, 3, 5
Suppose 2*r + 281 = 3*n, 3*n - 194 = 4*r + 353. Let h = 7 - r. Suppose -190 = -5*o + h. What are the prime factors of o?
2, 3, 11
Let v = 1926 + 1890. What are the prime factors of v?
2, 3, 53
Suppose 51 = 7*r - 12. Let v(m) = m**2 - 17*m - 15. Let p be v(r). Let l = p - -256. What are the prime factors of l?
13
Let f(z) = 6*z**3 - 5*z**2 - 2*z + 12. Let n be 105/(-42)*(1 - 1 - 2). What are the prime factors of f(n)?
3, 11, 19
Suppose 2*t - 8 = -6. Let f be (4*-47)/(-2) + 1/t. Suppose 0 = p - 98 - f. List the prime factors of p.
193
Let s be (-2)/(-3) - (-64)/(-24). Let b be (4/(-5) - 24/(-30))/s. Suppose b = -2*i + 83 + 89. List the prime factors of i.
2, 43
Suppose 0 = -4*t + 4*v + 20, 5*v = 2*t - 6*t + 20. Suppose -t*h + 292 = -88. List the prime factors of 12684/h - (-6)/57.
167
Suppose -55*g + 507643 = -741850 - 385217. List the prime factors of g.
2, 7, 11, 193
Let q = -262 + 111. Let g = q - -182. What are the prime factors of g?
31
Let u(z) be the first derivative of 145*z**3/3 - 3*z**2 + 16*z - 142. What are the prime factors of u(2)?
2, 73
Let n be (-31 - -28)*2228/(-3). Let t = -1281 + n. What are the prime factors of t?
947
Suppose 2*t = 3*z - 34254, 52*z + 3*t + 22831 = 54*z. What are the prime factors of z?
2, 5, 571
Let z(n) = -543*n + 425. What are the prime factors of z(-19)?
2, 41, 131
Let z(g) = 54*g**2 + g + 7. Let v be z(2). Let i = v - -453. What are the prime factors of i?
2, 3, 113
Let l(h) = -33*h + 167. Let m be l(5). What are the prime factors of (m/12)/((-11)/(-1458336)*16)?
1381
Suppose 0 = 336*s - 344*s + 40720. What are the prime factors of s?
2, 5, 509
Let f(b) = -b**2 - 6*b - 5. Let p be f(-4). Let q be 6 - (p - 5 - -2). What are the prime factors of 10/(-8)*q/(-15)*338?
13
Let t(y) = y**3 - 10*y**2 - 13*y + 28. Let h be t(12). Suppose -4*m + 21 + 11 = 0. Suppose 0*c + h = m*c. List the prime factors of c.
2, 5
Let j = -39 + 298. Suppose 0 = 7*z + j - 2828. List the prime factors of z.
367
Let r = 11 + 158. Suppose -s - 5*h + 8 = -r, -2*s + 5*h + 414 = 0. List the prime factors of s.
197
Suppose -4 = -5*i - 0*i - 4*k, -5*i + k = -24. Suppose 3 = 3*u + 6, -i*s + 1469 = -u. List the prime factors of s.
367
Let g(h) = 2*h**2 - 48*h - 62. Let i be g(28). Suppose -7*r - i = -1373. What are the prime factors of r?
173
Let q = 6770 - -1347. What are the prime factors of q?
8117
Suppose -3*f - 2*n + 4*n + 65210 = 0, 3*n = -5*f + 108639. List the prime factors of f.
2, 3, 1811
Let m be ((-6)/21*-1)/(8/(-56)). Let d(f) be the second derivative of -11*f**5/20 + f**4/4 + f**3 + 4*f**2 + 4*f. What are the prime factors of d(m)?
2, 3
Suppose 1970858 + 900387 = 65*q. What are the prime factors of q?
163, 271
Let k(a) = -55*a + 490. Let l be k(9). Let j(y) be the third derivative of -5*y**4/8 - 8*y**3/3 + y**2. What are the prime factors of j(l)?
59
Let z be (-6 - -4)/4 - 2/4. List the prime factors of 4 + z - (2498/(-2) - 3).
5, 251
Let o(m) = -813*m - 143. Let l be o(-15). Suppose t - 3*t - 4*f + 3010 = 0, 8*t = -4*f + l. List the prime factors of t.
11, 137
Let d(r) = 102*r**2 + 4*r + 496. List the prime factors of d(-15).
2, 11, 1063
Let j(r) = -r**2 + 6*r + 1. Suppose -9*c + 39 = -6. Let h be j(c). List the prime factors of 1547/51 + (-8)/h.
29
Suppose -65*b = -340119 + 45237 - 124498. What are the prime factors of b?
2, 1613
Let i(y) = 2*y**3 - 15*y**2 + 13*y - 12. Let q be i(7). Let h = q - -41. List the prime factors of h.
71
Let y = -190 + 456. Suppose 0 = -3*j + 6*j - n - 786, -j + y = n. Suppose -1088 = -5*d - j. What are the prime factors of d?
3, 5, 11
Let l(x) = 95*x**2 + 345*x + 80. What are the prime factors of l(-13)?
2, 5, 233
Let c = -8803 - -16938. List the prime factors of c.
5, 1627
Suppose -24*c = 77*c - 1019999. What are the prime factors of c?
10099
Let c(m) = m**2 + 2*m - 15. Let a be 3 + -6 + 4 + (16 - 3). List the prime factors of c(a).
11, 19
Let v(a) = a**2 - a + 2. Let s(d) = -37*d + 18. Let c(f) = -s(f) - v(f). List the prime factors of c(30).
2, 5, 11
Suppose 4*p = 12, -3*v + p = 224 - 29. Suppose 5*n = 24 - 4, 0 = 4*y + n - 672. Let r = y + v. What are the prime factors of r?
103
Suppose -3*z - u = -5483, 12793 = 7*z + 17*u - 15*u. List the prime factors of z.
3, 7, 29
Let i(v) = -54*v**2 - 4 + 29*v**2 - 7 + 32*v**2. Suppose 3*o + 24 = 4*b, -o - 2*b + 2 = -0. What are the prime factors of i(o)?
101
Suppose -3 - 21 = -b + 4*z, -5*z - 29 = -b. List the prime factors of 109*1*b/2.
2, 109
Let y = -107 + 310. Let w = 305 - y. Suppose w = 6*d - 0*d. What are the prime factors of d?
17
Let f be 16/12 - 105/18*-2. Suppose f*m - 12848 = 4676. What are the prime factors of m?
2, 337
Let c be 4 + (4 - 6) + -2. Let b be c*4/20 + 17. Suppose 2*y = 3*y - b. What are the prime factors of y?
17
Let u be (-35)/(2/392*7). What are the prime factors of -15 + (1 - -7) - u?
7, 139
Suppose 2*z = -3*c + 9, -5*c + 14 = -5*z + 8*z. Suppose -z*l - 34615 = -26*l. What are the prime factors of l?
5, 7, 43
Let w(f) = -9*f + 13*f + 19*f - 34. List the prime factors of w(15).
311
Let u(d) = 87*d**2 + 17*d - 12. List the prime factors of u(6).
2, 3, 179
Let n(z) = -z**2 + 1. Let h(w) = -6*w**2 - 11*w + 4. Let r(y) = -h(y) + 5*n(y). Let k be r(-11). List the prime factors of -12 + 241 - (0 - k/1).
2, 5, 23
Let b = -82539 + 149399. What are the prime factors of b?
2, 5, 3343
Let l(w) = w**3 - 10*w**2 - 34*w + 55. List the prime factors of l(23).
2, 3, 5, 41
What are the prime factors of ((-41641)/(-1))/(-21 - -22) + (-28)/7?
3, 13879
Suppose 7*q - 3*q + 7 = 3*h, -2*q - 11 = -3*h. Let c be h/(-15) + (-488)/3. Let s = c - -286. What are the prime factors of s?
3, 41
Let c be 1*(-4)/(-2)*(-651)/6. Let f = c - -227. List the prime factors of f.
2, 5
Let t(a) = 746*a**2 + 24*a + 2. What are the prime factors of t(5)?
2, 13, 19
Suppose 0 = -2*g + p + 2, -4*g + p + 2*p + 6 = 0. Suppose -9*v + 19*v - 700 = g. What are the prime factors of v?
2, 5, 7
Let i(b) = 3*b**3 + 281*b**2 + 60*b + 264. What are the prime factors of i(-93)?
2, 3, 1997
Let t = 12 + -2. Suppose t = 11*h - 10*h. Suppose -18 = -2*y - h. What are the prime factors of y?
2
What are the prime factors of 12/8*3944/29?
2, 3, 17
Suppose 0 = -2*z - 0*z + 4. Let u(v) = -16*v + 24. Let m be u(-3). What are the prime factors of m - 4 - (z - 4)?
2, 5, 7
Let a(k) = -3*k**3 - 41*k**2 + 60*k + 35. What are the prime factors of a(-24)?
16451
Let o = -14504 - -33135. List the prime factors of o.
31, 601
Let s(k) = 6 - 279*k**2 + 0*k + k**3 + 284*k**2 + 5*k. Let h be s(-4). Suppose 10*m = h*m + 920. List the prime factors of m.
5, 23
What are the prime factors of 4998 - ((-2 - -2)*1)/((-8)/4)?
2, 3, 7, 17
Let d(o) = -2*o**2 - 7*o + 4*o**3 - 7*o + 4 + 12*o. Let b be d(1). List the prime factors of 55*(b - 16/5).
2, 11
Let q = 19 + -19. Suppose -4*d + q*n = -5*n + 326, 5*n + 346 = -4*d. Let w = -50 - d. What are the prime factors of w?
2, 17
Suppose 114*y - 115*y = 129. What are the prime factors of -3 + y/(-5)*(21 - 6)?
2, 3
Suppose 285*a = 306*a - 279657. List the prime factors of a.
3, 23, 193
Let q be (-70)/(-28)*4/(-5). Let i(z) = -12*z + 26. What are the prime factors of i(q)?
2, 5
Suppose -2*z + 4*n + 44143 = 7*n, 0 = -5*z - 2*n + 110352. What are the prime factors of z?
2, 5, 2207
Suppose 3*h - 14 = h. Suppose 3*c - s + 324 = 0, -3*s - 12 = -h*s. Let n = c + 159. What are the prime factors of n?
2, 13
Suppose 120 = 50*u - 130. Let a(p) = -p - 6. Let n be a(-6). Suppose u*b - o - 503 = 0, n = -3*b - o + 11 + 294. List the prime factors of b.
101
Let x(h) = h**3 + 10*h**2 - 18*h + 17. Let o be x(-12). What are the prime factors of ((-2)/2 - 82)*(o - -54)?
83
Suppose 5*w - 28715 = -5*z, 4*z - w = 2*w + 22944. What are the prime factors of z?
3, 1913
Let j = 541 + -837. Let q = j + 423. Suppose s + 49 - q = 0. List the prime factors of s.
2, 3, 13
Let o be 6/